*s. Suppose d + d = 378. Let m = d - l. Is m prime?
True
Suppose z - 3 = 3*w, -3*z - 3*w + 3 - 6 = 0. Suppose z = -8*h - 4*h + 58044. Is h composite?
True
Let f(w) = 13*w - 3*w + 15 + 51*w**2 + w. Is f(-7) a composite number?
False
Suppose 2*c = 600 - 152. Suppose 0 = -3*x + x - c. Let u = 11 - x. Is u a composite number?
True
Suppose 19*d + 623 = 20*d. Is d a composite number?
True
Let u = -79 + 81. Suppose 11*n + u*n - 5603 = 0. Is n composite?
False
Let w = -13 - -16. Suppose -w = -l - 16. Let z = l + 27. Is z a composite number?
True
Let q(u) = 2*u + 12 - 7*u + 5*u**2 + 11*u + 8*u. Is q(-21) prime?
False
Suppose 0 = -j + 3*u + 108, 5*j + 2*u = 3*u + 582. Let h = -70 + j. Suppose -h = -n + 362. Is n prime?
True
Is 3/(345/3554755) + 36/414 a prime number?
True
Let g(v) = v**3 + 2*v**2 + v - 3. Let q(f) = -f**3 - f**2 - 2*f + 3. Let n(p) = 3*g(p) + 4*q(p). Is n(-7) composite?
False
Suppose -5*l - 4*k + 48439 = -2*k, 5*l - k = 48448. Is l prime?
True
Let f = -18838 - -104217. Is f a prime number?
False
Let d(x) = -x**3 - 9*x**2 - 2*x - 18. Let i be d(-9). Is i - ((-291)/(-2))/((-3)/6) a prime number?
False
Let b(i) = i**3 - 60*i**2 - 95*i - 131. Is b(63) a prime number?
True
Let w(v) = v**3 - 19*v**2 - v + 11. Suppose -1 = -j, 5*t - 4*j - 90 = 16. Is w(t) a prime number?
False
Suppose 18*j = -7*j + 475025. Is j a composite number?
False
Let r be (-54)/1*(-4)/(-6). Suppose 3*f - 26 = -2*h + 6*h, 3*h = 5*f - 36. Is f/r + 235/6 a composite number?
True
Let j(a) = 2*a**2 - 5*a + 4. Let d be j(2). Suppose d = -s + 1, 4*t = -s + 1355. Is t composite?
True
Suppose 0 = s - 5*l + 34 - 177, 0 = -s + l + 147. Suppose 3*k - s - 83 = 0. Is k a composite number?
True
Suppose -88218 + 14749 = -11*v. Is v prime?
True
Suppose -9*g = 92 + 16. Let a(o) = -39*o - 25. Is a(g) a prime number?
True
Let v(q) = -74*q**3 + 3*q**2 + 11*q + 3. Let t be v(-10). Is 4/10 + (t/15)/7 a composite number?
True
Suppose -5*y + 0*u - 5*u + 2915 = 0, 0 = 2*y - 2*u - 1158. Suppose y = 7*p - 11102. Is p a prime number?
True
Let l(i) = i + 6. Let c = -12 - -8. Let n be l(c). Is ((-8)/(-10))/(n/115) composite?
True
Suppose 0 = 4*q - w - 5319, -2*q = -0*w + 5*w - 2643. Is q a composite number?
True
Let d = -5226 + 8153. Is d a composite number?
False
Let i(k) = 2*k + 1. Let q be i(-1). Let a be q - (-11 + 2 + 1). Suppose 3*f - a*f = -844. Is f prime?
True
Let s(c) = c**2 + 3*c - 7. Let u be s(-5). Suppose 16 = u*l - 7*l. Let y(h) = -29*h - 7. Is y(l) composite?
False
Suppose -6*z - 1 = -13. Let c be (15/z)/((-15)/(-20)). Is c*(405/6 - 4) prime?
False
Suppose 0 = -0*x + x + 5*z + 16, 4*z + 15 = -x. Let p(h) = -21*h + 4. Let l be p(x). Let g = 22 + l. Is g a prime number?
True
Suppose -49*t - 108845 = -60*t. Is t composite?
True
Suppose -30*x + 165248 = -1473262. Is x composite?
False
Let c = 16419 + -10222. Is c a composite number?
False
Suppose -572 = -3*u + 355. Let g = 602 - u. Is g a prime number?
True
Let o(d) be the second derivative of -d**4/12 - 4*d. Let x be o(-1). Is x/3 - 70/(-3) a prime number?
True
Suppose -5*c - 129800 = -5*h, -48*h + 129824 = -43*h + 3*c. Is h composite?
True
Let c(j) = 88*j + 205. Is c(23) a prime number?
False
Let q be (30 + -10)*(-274)/(-8). Suppose -3*g + 4516 = q. Is g a composite number?
False
Suppose 15 = -34*c + 29*c. Let p be -1422*(-2)/(-12)*c. Suppose 3*r - p = -0*r. Is r a composite number?
True
Let o(w) = w**3 - w - 1. Let v(y) = -4*y**3 + y - 3. Let k(b) = 3*o(b) - v(b). Is k(3) a composite number?
True
Suppose -5*w - 12 + 2 = 0. Is w/(-3) + 175/3 a composite number?
False
Is -1*2*1*(-53883)/18 a prime number?
True
Suppose 3*a = 8*a. Let q be (a - -1123) + -3 + -1. Suppose 8*h = 11*h - q. Is h prime?
True
Suppose 3*v = -5 + 14. Suppose v*g - 1348 = -5*u + 897, -4*u = -8. Is g composite?
True
Let s be ((-5)/2)/(1/(-6)). Let p = s + -2. Suppose p*v - 327 = 10*v. Is v a prime number?
True
Let k = 11021 + -7174. Is k a prime number?
True
Let y(f) = 80*f + 3. Let i(j) = 80*j + 3. Let a(r) = 2*i(r) - 3*y(r). Is a(-7) a prime number?
True
Suppose 179 - 31 = 4*y. Suppose d - 2*i - 263 = 0, -2*i + y + 459 = 2*d. Is d a prime number?
False
Let o be (-141)/(-2)*4/6. Suppose 0 = -5*k - 1 + 6. Suppose -2*m - k + o = 0. Is m a prime number?
True
Suppose 12*i - 11*i - u - 1815 = 0, 5453 = 3*i - 5*u. Is i composite?
False
Suppose -6*m = -m - 63035. Is m a prime number?
False
Suppose -4*p = -q - 16996, 8*p + 2*q + 12747 = 11*p. Is p a prime number?
False
Suppose 0 = -3*g - v + 4664 + 36, 5*v = -3*g + 4696. Is g prime?
True
Let b = 102 + -100. Suppose -b*t + 617 = -2313. Is t a composite number?
True
Suppose o + 5*c - 656 = 5*o, 2*c = 3*o + 485. Let d = 94 + o. Let y = d - -118. Is y a composite number?
False
Suppose 0 = 32*x - 1591 - 1257. Is x a composite number?
False
Suppose 5377 = 4*x - 11759. Let j = 7897 - x. Is j prime?
True
Let z = -37 - -61. Let n = z - 22. Suppose -524 = -4*b + 4*h, 10 + 236 = 2*b + n*h. Is b a prime number?
True
Let h = -9 - -27. Let m(l) = -l**3 + 19*l**2 + 6*l - 25. Is m(h) composite?
True
Let v(w) = 38*w**2 - 29*w - 242. Is v(-15) prime?
False
Let x(m) be the third derivative of -183*m**4/8 - 7*m**3/6 - 3*m**2. Is x(-4) a composite number?
True
Suppose 5*a = -4*i - 415, -2*a = -i + 146 + 20. Is (-4 - a)*(-1)/(-1) composite?
False
Suppose -19*f + 14*f + 47150 = 0. Suppose -3*s + 14139 = -0*s - 3*v, -4*v = -2*s + f. Is s composite?
True
Let m(l) = 92*l**2 - 1. Let v be m(-1). Let i = -6 + v. Let q = -50 + i. Is q prime?
False
Let a(x) = x**2 + x - 2*x**2 + 3 + 11*x. Let j = -10 + 16. Is a(j) prime?
False
Suppose -d + 19 = 25. Is (-86)/d - 14/42 a prime number?
False
Suppose -6 = -y + 12. Suppose 2*z = 3*t + 5 + y, -31 = -4*z + t. Is z prime?
True
Let p(v) = 51*v**2 - 33*v - 451. Is p(-35) a prime number?
True
Suppose -75417 = -3*p - 3*r, -p + 4*r = -15746 - 9388. Is p a prime number?
False
Let v(z) = -11*z**2 + 7*z - 14. Let n be v(7). Is (1 - n)*(-22)/(-55) composite?
True
Suppose 4*i + 4*g = -30 + 158, i - g = 24. Let l = i - 25. Is l a prime number?
True
Is (81148/14)/((12/(-7))/(-6)) a composite number?
False
Suppose 5*a + 4*d = 1171, -4*a = -2*d + d - 941. Let r = a - 122. Is r composite?
False
Suppose -w = 5, -557 = -4*a + 4*w + 4907. Is a composite?
False
Let a(p) = 2*p**3 - 2*p**2 - 3*p + 2. Let q be a(2). Suppose -h + 1309 = q*i + 2*h, -1650 = -5*i - h. Is i a composite number?
False
Let v(u) = 996*u**2 - 28*u - 61. Is v(-2) a prime number?
False
Let f = 714 + -485. Suppose 3*n - y = 1240, 2*n + n - 1238 = 2*y. Let t = n - f. Is t a prime number?
False
Suppose 800 = 5*p - 8*f + 3*f, 810 = 5*p - 3*f. Let r(z) = 19 - 39 + 21 - p*z. Is r(-2) a composite number?
False
Let z(s) = -43*s + 8779. Is z(0) composite?
False
Let u = 9 + -6. Suppose u*x - 2 = 4. Suppose g + 0*g = -d + 118, -x*g - 5*d = -251. Is g composite?
False
Let t be ((-122)/6)/((-2)/18). Let k be 2/5 - t/(-5). Is k + 0 + (-4 - -1) prime?
False
Let j(f) = -1415*f - 64. Is j(-9) a composite number?
False
Suppose 3*d - 63 = -6. Suppose -16*u - 3081 = -d*u. Is u a prime number?
False
Let k = -73 + 73. Is (-263)/((1 - (k - -2))*1) composite?
False
Is (-57)/(-38) - 21782/(-4) composite?
True
Suppose 4*b - 2*p - 55118 - 65638 = 0, -3*b - 5*p = -90554. Is b/10 - 7/(-35) composite?
False
Suppose 5*q = q - 5*z + 3, -3*q - 2*z + 4 = 0. Suppose -5*r = q*m - 1673, 3*r = -0*r - 5*m + 1000. Is r composite?
True
Is -3*1704/36*113/(-2) a prime number?
False
Let n(y) = 6*y**2 + 8*y + 7. Is n(-3) a composite number?
False
Let d(l) = -18*l**3 - 2*l + 1. Suppose 0 = 6*a - 2*a + 8. Is d(a) a composite number?
False
Let t(q) = -2*q**3 - 6*q**2 + q - 10. Let g be -4 + -5 - 3/((-6)/(-4)). Is t(g) prime?
False
Let j = 1840 + -2702. Let a = -321 - j. Is a a prime number?
True
Let b = -167 + -460. Let a = -290 - b. Is a a composite number?
False
Let t(n) = -696*n**3 + 2*n**2 - 17*n - 81. Is t(-4) composite?
False
Let o(x) = -x**3 + 2*x**2 - 12*x. Let r(s) = 2*s**3 - s**2 - s + 1. Let b be r(1). Suppose -n - 2*d + 0*d + b = 0, -5*n + 5*d = 40. Is o(n) prime?
False
Suppose 0 = -2*h - 2*h - 1708. Suppose -17 + 42 = 5*o, -1549 = 2*t - 5*o. Let f = h - t. Is f a composite number?
True
Let q = 1499 + -858. Let u = q + -262. Is u a composite number?
False
Let p = -88 + 97. Suppose p*r + 3246